{"id":637,"date":"2020-04-24T14:27:03","date_gmt":"2020-04-24T12:27:03","guid":{"rendered":"https:\/\/ouryschreiber.fr\/?page_id=637"},"modified":"2024-04-28T20:26:10","modified_gmt":"2024-04-28T18:26:10","slug":"archives","status":"publish","type":"page","link":"https:\/\/ouryschreiber.fr\/index.php\/archives\/","title":{"rendered":"ACTUALIT\u00c9S"},"content":{"rendered":"\n\n\n<h1 class=\"wp-block-novablocks-headline c-headline has-text-align-center has-larger-font-size\"><span class=\"c-headline__secondary\">Notre<\/span> <span class=\"c-headline__primary\">ACTUALIT\u00c9<\/span><\/h1>\n\n\n<div class=\"novablocks-block novablocks-collection novablocks-collection--align-left alignfull sm-palette-1 sm-variation-1 novablocks-collection--classic block-is-basic content-is-basic\" style=\"--novablocks-block-top-spacing: 0; --novablocks-block-bottom-spacing: 1; --novablocks-emphasis-top-spacing: 1; --novablocks-emphasis-bottom-spacing: 1; --card-content-padding: 0; --card-media-padding: 0; --card-media-padding-top: 100%; --card-media-object-fit: cover\"><div class=\"wp-block-group__inner-container\"><p class=\"novablocks-collection__subtitle wp-block is-style-lead alignwide\"><\/p><div class=\"novablocks-collection__cards alignwide\"><div class=\"novablocks-grid\" data-title='ACTUALIT\u00c9S' data-subtitle='' data-show-collection-title='' data-show-buttons='' data-thumbnail-aspect-ratio-string='portrait' data-enable-overlapping='1' data-block-top-spacing='0' data-block-bottom-spacing='1' data-gridcolumns='3' data-gridrows='11' data-featuresize='1' data-featureposition='2' data-fragmentation='0' data-imageweightleft='4' data-imageweightright='10' data-metadetailsright='4' data-boostfeature='1' data-hierarchycrossing='193' data-flipcolsrows='1' data-layout-style='classic' data-columns='3' data-metadetailsleft='10' data-subfeature='1' data-balancemdandiw='' data-header-position='0' data-header-column='0' data-carousel-layout='fixed' data-show-pagination='1' data-content-align='left' data-primary-metadata='category' data-secondary-metadata='date' data-container-height='50' data-show-collection-subtitle='1' data-show-media='1' data-show-title='1' data-show-subtitle='1' data-show-description='1' data-show-meta='1' data-palette='1' data-palette-variation='1' data-use-source-color-as-reference='' data-color-signal='0' data-content-color-signal='0' data-level='2' data-card-title-level='3' data-collection-title-level='2' data-card-media-opacity='100' data-metadata-position='above-title' data-thumbnail-aspect-ratio='50' data-image-resizing='cropped' data-image-padding='0' data-content-padding='0' data-source-type='content' data-posts-to-show='6' data-loading-mode='automated' data-specific-posts='[]' data-prevent-duplicate-posts='1' data-authors='[]' data-categories='[]' data-tags='[]' data-is-landscape='' data-order='desc' data-order-by='date' data-category='all' data-open-popup-id=''>\n\t<div class=\"novablocks-card novablocks-card--portrait novablocks-block__content sm-palette-1 sm-variation-1 novablocks-card--fixed-media-aspect-ratio\" style=\"--columns: 3\">\n\n\t\t<div class=\"novablocks-card__layout\">\n\n\t\t\t\t\t\t\t<div class=\"novablocks-card__layout-media novablocks-grid__item-media\">\n\t\t\t\t\t<div class=\"novablocks-card__media-wrap\">\n\t\t\t\t\t\t<div class=\"novablocks-card__media\">\n\t\t\t\t\t\t\t<img decoding=\"async\" class=\"novablocks-card__media-image\" src=\"https:\/\/ouryschreiber.fr\/wp-content\/uploads\/2026\/04\/invitation-2026-web-recto-1-1024x721-1.jpg\" \/>\t\t\t\t\t\t<\/div>\n\t\t\t\t\t<\/div>\n\t\t\t\t<\/div>\n\t\t\t\n\t\t\t\t\t\t\t<div class=\"novablocks-card__layout-content\">\n\t\t\t\t\t<div class=\"novablocks-card__inner-container\">\n\t\t\t\t\t\t\n\t\t\t<div class=\"novablocks-grid__item-meta novablocks-card__meta is-style-meta\">\n\t\t\t<div class=\"novablocks-card__meta-size-modifier\">\n\t\t\t\tPORTES OUVERTES\t\t\t<\/div>\n\t\t<\/div>\n\t<h3 class=\"novablocks-grid__item-title novablocks-card__title\"><div class=\"novablocks-card__title-size-modifier\">CAVE OUVERTE les 1 2 3 MAI 2026<\/div><\/h3>\n\t\t\t\t\t\t<\/div>\n\t\t\t\t<\/div>\n\t\t\t\n\t\t<\/div>\n\n\t\t<a class=\"novablocks-card__link\" href=\"https:\/\/ouryschreiber.fr\/index.php\/2026\/04\/18\/cave-ouverte-2\/\"><\/a>\n\n\t<\/div>\n\n\t\n\t<div class=\"novablocks-card novablocks-card--portrait novablocks-block__content sm-palette-1 sm-variation-1 novablocks-card--fixed-media-aspect-ratio\" style=\"--columns: 3\">\n\n\t\t<div class=\"novablocks-card__layout\">\n\n\t\t\t\t\t\t\t<div class=\"novablocks-card__layout-media novablocks-grid__item-media\">\n\t\t\t\t\t<div class=\"novablocks-card__media-wrap\">\n\t\t\t\t\t\t<div class=\"novablocks-card__media\">\n\t\t\t\t\t\t\t<img decoding=\"async\" class=\"novablocks-card__media-image\" src=\"https:\/\/ouryschreiber.fr\/wp-content\/uploads\/2025\/11\/Affiche-salon-vins-819x1024.jpg\" \/>\t\t\t\t\t\t<\/div>\n\t\t\t\t\t<\/div>\n\t\t\t\t<\/div>\n\t\t\t\n\t\t\t\t\t\t\t<div class=\"novablocks-card__layout-content\">\n\t\t\t\t\t<div class=\"novablocks-card__inner-container\">\n\t\t\t\t\t\t\n\t\t\t<div class=\"novablocks-grid__item-meta novablocks-card__meta is-style-meta\">\n\t\t\t<div class=\"novablocks-card__meta-size-modifier\">\n\t\t\t\tPORTES OUVERTES\t\t\t<\/div>\n\t\t<\/div>\n\t<h3 class=\"novablocks-grid__item-title novablocks-card__title\"><div class=\"novablocks-card__title-size-modifier\">Salon des Vins d&rsquo;Auteurs<\/div><\/h3>\n\t\t\t<div class=\"novablocks-grid__item-content novablocks-card__description\">\n\t\t\t<div class=\"novablocks-card__content-size-modifier\">\n\t\t\t\t\u00e0 METZ BLIIIDA\u00a015 &amp; 16 novembre 2025\u00a0\u00a0Samedi de 10H \u00e0 20H et dimanche\u00a0de 10H \u00e0 18H\t\t\t<\/div>\n\t\t<\/div>\n\t\t\t\t\t\t<\/div>\n\t\t\t\t<\/div>\n\t\t\t\n\t\t<\/div>\n\n\t\t<a class=\"novablocks-card__link\" href=\"https:\/\/ouryschreiber.fr\/index.php\/2025\/11\/10\/salon-des-vins-dauteurs\/\"><\/a>\n\n\t<\/div>\n\n\t\n\t<div class=\"novablocks-card novablocks-card--portrait novablocks-block__content sm-palette-1 sm-variation-1 novablocks-card--fixed-media-aspect-ratio\" style=\"--columns: 3\">\n\n\t\t<div class=\"novablocks-card__layout\">\n\n\t\t\t\t\t\t\t<div class=\"novablocks-card__layout-media novablocks-grid__item-media\">\n\t\t\t\t\t<div class=\"novablocks-card__media-wrap\">\n\t\t\t\t\t\t<div class=\"novablocks-card__media\">\n\t\t\t\t\t\t\t<img decoding=\"async\" class=\"novablocks-card__media-image\" src=\"https:\/\/ouryschreiber.fr\/wp-content\/uploads\/2025\/09\/Capture-decran-2025-09-10-a-08.53.27.png\" \/>\t\t\t\t\t\t<\/div>\n\t\t\t\t\t<\/div>\n\t\t\t\t<\/div>\n\t\t\t\n\t\t\t\t\t\t\t<div class=\"novablocks-card__layout-content\">\n\t\t\t\t\t<div class=\"novablocks-card__inner-container\">\n\t\t\t\t\t\t\n\t\t\t<div class=\"novablocks-grid__item-meta novablocks-card__meta is-style-meta\">\n\t\t\t<div class=\"novablocks-card__meta-size-modifier\">\n\t\t\t\tPORTES OUVERTES\t\t\t<\/div>\n\t\t<\/div>\n\t<h3 class=\"novablocks-grid__item-title novablocks-card__title\"><div class=\"novablocks-card__title-size-modifier\">La degustation des vins de Lorraine<\/div><\/h3>\n\t\t\t<div class=\"novablocks-grid__item-content novablocks-card__description\">\n\t\t\t<div class=\"novablocks-card__content-size-modifier\">\n\t\t\t\tPass\u00e9 proche de la disparition, le vignoble de Lorraine rena\u00eet. Sur ses petites surfaces en coteaux, les installations vigneronnes accentuent la dynamique, comme le tourisme [&hellip;]\t\t\t<\/div>\n\t\t<\/div>\n\t\t\t\t\t\t<\/div>\n\t\t\t\t<\/div>\n\t\t\t\n\t\t<\/div>\n\n\t\t<a class=\"novablocks-card__link\" href=\"https:\/\/ouryschreiber.fr\/index.php\/2025\/09\/10\/la-degustation-des-vins-de-lorraine\/\"><\/a>\n\n\t<\/div>\n\n\t\n\t<div class=\"novablocks-card novablocks-card--portrait novablocks-block__content sm-palette-1 sm-variation-1 novablocks-card--fixed-media-aspect-ratio\" style=\"--columns: 3\">\n\n\t\t<div class=\"novablocks-card__layout\">\n\n\t\t\t\t\t\t\t<div class=\"novablocks-card__layout-media novablocks-grid__item-media\">\n\t\t\t\t\t<div class=\"novablocks-card__media-wrap\">\n\t\t\t\t\t\t<div class=\"novablocks-card__media\">\n\t\t\t\t\t\t\t<img decoding=\"async\" class=\"novablocks-card__media-image\" src=\"https:\/\/ouryschreiber.fr\/wp-content\/uploads\/2025\/09\/Article-RL-image-1024x680.jpg\" \/>\t\t\t\t\t\t<\/div>\n\t\t\t\t\t<\/div>\n\t\t\t\t<\/div>\n\t\t\t\n\t\t\t\t\t\t\t<div class=\"novablocks-card__layout-content\">\n\t\t\t\t\t<div class=\"novablocks-card__inner-container\">\n\t\t\t\t\t\t\n\t\t\t<div class=\"novablocks-grid__item-meta novablocks-card__meta is-style-meta\">\n\t\t\t<div class=\"novablocks-card__meta-size-modifier\">\n\t\t\t\tPORTES OUVERTES\t\t\t<\/div>\n\t\t<\/div>\n\t<h3 class=\"novablocks-grid__item-title novablocks-card__title\"><div class=\"novablocks-card__title-size-modifier\">R\u00e9publicain Lorrain<\/div><\/h3>\n\t\t\t<div class=\"novablocks-grid__item-content novablocks-card__description\">\n\t\t\t<div class=\"novablocks-card__content-size-modifier\">\n\t\t\t\tArticle du 31 juillet 2025 par ANNE RIMLINGER\t\t\t<\/div>\n\t\t<\/div>\n\t\t\t\t\t\t<\/div>\n\t\t\t\t<\/div>\n\t\t\t\n\t\t<\/div>\n\n\t\t<a class=\"novablocks-card__link\" href=\"https:\/\/ouryschreiber.fr\/index.php\/2025\/09\/10\/republicain-lorrain-2\/\"><\/a>\n\n\t<\/div>\n\n\t\n\t<div class=\"novablocks-card novablocks-card--portrait novablocks-block__content sm-palette-1 sm-variation-1 novablocks-card--fixed-media-aspect-ratio\" style=\"--columns: 3\">\n\n\t\t<div class=\"novablocks-card__layout\">\n\n\t\t\t\t\t\t\t<div class=\"novablocks-card__layout-media novablocks-grid__item-media\">\n\t\t\t\t\t<div class=\"novablocks-card__media-wrap\">\n\t\t\t\t\t\t<div class=\"novablocks-card__media\">\n\t\t\t\t\t\t\t<img decoding=\"async\" class=\"novablocks-card__media-image\" src=\"https:\/\/ouryschreiber.fr\/wp-content\/uploads\/2025\/03\/recto-cave-ouverte-2025-1024x724.jpg\" \/>\t\t\t\t\t\t<\/div>\n\t\t\t\t\t<\/div>\n\t\t\t\t<\/div>\n\t\t\t\n\t\t\t\t\t\t\t<div class=\"novablocks-card__layout-content\">\n\t\t\t\t\t<div class=\"novablocks-card__inner-container\">\n\t\t\t\t\t\t\n\t\t\t<div class=\"novablocks-grid__item-meta novablocks-card__meta is-style-meta\">\n\t\t\t<div class=\"novablocks-card__meta-size-modifier\">\n\t\t\t\tPORTES OUVERTES\t\t\t<\/div>\n\t\t<\/div>\n\t<h3 class=\"novablocks-grid__item-title novablocks-card__title\"><div class=\"novablocks-card__title-size-modifier\">CAVE OUVERTE 2025 du 2 au 4 MAI 2025<\/div><\/h3>\n\t\t\t\t\t\t<\/div>\n\t\t\t\t<\/div>\n\t\t\t\n\t\t<\/div>\n\n\t\t<a class=\"novablocks-card__link\" href=\"https:\/\/ouryschreiber.fr\/index.php\/2025\/03\/26\/cave-ouverte-2025-du-2-au-4-mai-2025\/\"><\/a>\n\n\t<\/div>\n\n\t\n\t<div class=\"novablocks-card novablocks-card--portrait novablocks-block__content sm-palette-1 sm-variation-1 novablocks-card--fixed-media-aspect-ratio\" style=\"--columns: 3\">\n\n\t\t<div class=\"novablocks-card__layout\">\n\n\t\t\t\t\t\t\t<div class=\"novablocks-card__layout-media novablocks-grid__item-media\">\n\t\t\t\t\t<div class=\"novablocks-card__media-wrap\">\n\t\t\t\t\t\t<div class=\"novablocks-card__media\">\n\t\t\t\t\t\t\t<img decoding=\"async\" class=\"novablocks-card__media-image\" src=\"https:\/\/ouryschreiber.fr\/wp-content\/uploads\/2025\/03\/bandeau-site-1024x146.jpg\" \/>\t\t\t\t\t\t<\/div>\n\t\t\t\t\t<\/div>\n\t\t\t\t<\/div>\n\t\t\t\n\t\t\t\t\t\t\t<div class=\"novablocks-card__layout-content\">\n\t\t\t\t\t<div class=\"novablocks-card__inner-container\">\n\t\t\t\t\t\t\n\t\t\t<div class=\"novablocks-grid__item-meta novablocks-card__meta is-style-meta\">\n\t\t\t<div class=\"novablocks-card__meta-size-modifier\">\n\t\t\t\tEVENEMENTS\t\t\t<\/div>\n\t\t<\/div>\n\t<h3 class=\"novablocks-grid__item-title novablocks-card__title\"><div class=\"novablocks-card__title-size-modifier\">F\u00eate des vins de Moselle<\/div><\/h3>\n\t\t\t<div class=\"novablocks-grid__item-content novablocks-card__description\">\n\t\t\t<div class=\"novablocks-card__content-size-modifier\">\n\t\t\t\tVenez nous rencontrer \u00e0 METZ, Place de la R\u00e9publique samedi de 16H \u00e0 22H et dimanche de 11H \u00e0 17H\t\t\t<\/div>\n\t\t<\/div>\n\t\t\t\t\t\t<\/div>\n\t\t\t\t<\/div>\n\t\t\t\n\t\t<\/div>\n\n\t\t<a class=\"novablocks-card__link\" href=\"https:\/\/ouryschreiber.fr\/index.php\/2025\/03\/08\/fete-des-vins-de-moselle-3\/\"><\/a>\n\n\t<\/div>\n\n\t<\/div><\/div><\/div><\/div>","protected":false},"excerpt":{"rendered":"","protected":false},"author":2,"featured_media":604,"parent":0,"menu_order":0,"comment_status":"closed","ping_status":"closed","template":"","meta":{"_crdt_document":"","novablocks_hero_scroll_indicator":false,"novablocks_hero_position_indicators":false,"footnotes":""},"class_list":["post-637","page","type-page","status-publish","has-post-thumbnail","hentry"],"_links":{"self":[{"href":"https:\/\/ouryschreiber.fr\/index.php\/wp-json\/wp\/v2\/pages\/637","targetHints":{"allow":["GET"]}}],"collection":[{"href":"https:\/\/ouryschreiber.fr\/index.php\/wp-json\/wp\/v2\/pages"}],"about":[{"href":"https:\/\/ouryschreiber.fr\/index.php\/wp-json\/wp\/v2\/types\/page"}],"author":[{"embeddable":true,"href":"https:\/\/ouryschreiber.fr\/index.php\/wp-json\/wp\/v2\/users\/2"}],"replies":[{"embeddable":true,"href":"https:\/\/ouryschreiber.fr\/index.php\/wp-json\/wp\/v2\/comments?post=637"}],"version-history":[{"count":15,"href":"https:\/\/ouryschreiber.fr\/index.php\/wp-json\/wp\/v2\/pages\/637\/revisions"}],"predecessor-version":[{"id":4587,"href":"https:\/\/ouryschreiber.fr\/index.php\/wp-json\/wp\/v2\/pages\/637\/revisions\/4587"}],"wp:featuredmedia":[{"embeddable":true,"href":"https:\/\/ouryschreiber.fr\/index.php\/wp-json\/wp\/v2\/media\/604"}],"wp:attachment":[{"href":"https:\/\/ouryschreiber.fr\/index.php\/wp-json\/wp\/v2\/media?parent=637"}],"curies":[{"name":"wp","href":"https:\/\/api.w.org\/{rel}","templated":true}]}}

ACTUALITÉS

<h1 class="wp-block-novablocks-headline c-headline has-text-align-center has-larger-font-size"><span class="c-headline__secondary">Notre</span> <span class="c-headline__primary">ACTUALITÉ</span></h1>


<div class="novablocks-block novablocks-collection novablocks-collection--align-left alignfull sm-palette-1 sm-variation-1 novablocks-collection--classic block-is-basic content-is-basic" style="--novablocks-block-top-spacing: 0; --novablocks-block-bottom-spacing: 1; --novablocks-emphasis-top-spacing: 1; --novablocks-emphasis-bottom-spacing: 1; --card-content-padding: 0; --card-media-padding: 0; --card-media-padding-top: 100%; --card-media-object-fit: cover"><div class="wp-block-group__inner-container"><p class="novablocks-collection__subtitle wp-block is-style-lead alignwide"></p><div class="novablocks-collection__cards alignwide"><div class="novablocks-grid" data-title='ACTUALITÉS' data-subtitle='' data-show-collection-title='' data-show-buttons='' data-thumbnail-aspect-ratio-string='portrait' data-enable-overlapping='1' data-block-top-spacing='0' data-block-bottom-spacing='1' data-gridcolumns='3' data-gridrows='11' data-featuresize='1' data-featureposition='2' data-fragmentation='0' data-imageweightleft='4' data-imageweightright='10' data-metadetailsright='4' data-boostfeature='1' data-hierarchycrossing='193' data-flipcolsrows='1' data-layout-style='classic' data-columns='3' data-metadetailsleft='10' data-subfeature='1' data-balancemdandiw='' data-header-position='0' data-header-column='0' data-carousel-layout='fixed' data-show-pagination='1' data-content-align='left' data-primary-metadata='category' data-secondary-metadata='date' data-container-height='50' data-show-collection-subtitle='1' data-show-media='1' data-show-title='1' data-show-subtitle='1' data-show-description='1' data-show-meta='1' data-palette='1' data-palette-variation='1' data-use-source-color-as-reference='' data-color-signal='0' data-content-color-signal='0' data-level='2' data-card-title-level='3' data-collection-title-level='2' data-card-media-opacity='100' data-metadata-position='above-title' data-thumbnail-aspect-ratio='50' data-image-resizing='cropped' data-image-padding='0' data-content-padding='0' data-source-type='content' data-posts-to-show='6' data-loading-mode='automated' data-specific-posts='[]' data-prevent-duplicate-posts='1' data-authors='[]' data-categories='[]' data-tags='[]' data-is-landscape='' data-order='desc' data-order-by='date' data-category='all' data-open-popup-id=''>
	<div class="novablocks-card novablocks-card--portrait novablocks-block__content sm-palette-1 sm-variation-1 novablocks-card--fixed-media-aspect-ratio" style="--columns: 3">

		<div class="novablocks-card__layout">

							<div class="novablocks-card__layout-media novablocks-grid__item-media">
					<div class="novablocks-card__media-wrap">
						<div class="novablocks-card__media">
							<img decoding="async" class="novablocks-card__media-image" src="https://ouryschreiber.fr/wp-content/uploads/2026/04/invitation-2026-web-recto-1-1024x721-1.jpg" />						</div>
					</div>
				</div>
			
							<div class="novablocks-card__layout-content">
					<div class="novablocks-card__inner-container">
						
			<div class="novablocks-grid__item-meta novablocks-card__meta is-style-meta">
			<div class="novablocks-card__meta-size-modifier">
				PORTES OUVERTES			</div>
		</div>
	<h3 class="novablocks-grid__item-title novablocks-card__title"><div class="novablocks-card__title-size-modifier">CAVE OUVERTE les 1 2 3 MAI 2026</div></h3>
						</div>
				</div>
			
		</div>

		<a class="novablocks-card__link" href="https://ouryschreiber.fr/index.php/2026/04/18/cave-ouverte-2/"></a>

	</div>

	
	<div class="novablocks-card novablocks-card--portrait novablocks-block__content sm-palette-1 sm-variation-1 novablocks-card--fixed-media-aspect-ratio" style="--columns: 3">

		<div class="novablocks-card__layout">

							<div class="novablocks-card__layout-media novablocks-grid__item-media">
					<div class="novablocks-card__media-wrap">
						<div class="novablocks-card__media">
							<img decoding="async" class="novablocks-card__media-image" src="https://ouryschreiber.fr/wp-content/uploads/2025/11/Affiche-salon-vins-819x1024.jpg" />						</div>
					</div>
				</div>
			
							<div class="novablocks-card__layout-content">
					<div class="novablocks-card__inner-container">
						
			<div class="novablocks-grid__item-meta novablocks-card__meta is-style-meta">
			<div class="novablocks-card__meta-size-modifier">
				PORTES OUVERTES			</div>
		</div>
	<h3 class="novablocks-grid__item-title novablocks-card__title"><div class="novablocks-card__title-size-modifier">Salon des Vins d&rsquo;Auteurs</div></h3>
			<div class="novablocks-grid__item-content novablocks-card__description">
			<div class="novablocks-card__content-size-modifier">
				à METZ BLIIIDA 15 &amp; 16 novembre 2025  Samedi de 10H à 20H et dimanche de 10H à 18H			</div>
		</div>
						</div>
				</div>
			
		</div>

		<a class="novablocks-card__link" href="https://ouryschreiber.fr/index.php/2025/11/10/salon-des-vins-dauteurs/"></a>

	</div>

	
	<div class="novablocks-card novablocks-card--portrait novablocks-block__content sm-palette-1 sm-variation-1 novablocks-card--fixed-media-aspect-ratio" style="--columns: 3">

		<div class="novablocks-card__layout">

							<div class="novablocks-card__layout-media novablocks-grid__item-media">
					<div class="novablocks-card__media-wrap">
						<div class="novablocks-card__media">
							<img decoding="async" class="novablocks-card__media-image" src="https://ouryschreiber.fr/wp-content/uploads/2025/09/Capture-decran-2025-09-10-a-08.53.27.png" />						</div>
					</div>
				</div>
			
							<div class="novablocks-card__layout-content">
					<div class="novablocks-card__inner-container">
						
			<div class="novablocks-grid__item-meta novablocks-card__meta is-style-meta">
			<div class="novablocks-card__meta-size-modifier">
				PORTES OUVERTES			</div>
		</div>
	<h3 class="novablocks-grid__item-title novablocks-card__title"><div class="novablocks-card__title-size-modifier">La degustation des vins de Lorraine</div></h3>
			<div class="novablocks-grid__item-content novablocks-card__description">
			<div class="novablocks-card__content-size-modifier">
				Passé proche de la disparition, le vignoble de Lorraine renaît. Sur ses petites surfaces en coteaux, les installations vigneronnes accentuent la dynamique, comme le tourisme [&hellip;]			</div>
		</div>
						</div>
				</div>
			
		</div>

		<a class="novablocks-card__link" href="https://ouryschreiber.fr/index.php/2025/09/10/la-degustation-des-vins-de-lorraine/"></a>

	</div>

	
	<div class="novablocks-card novablocks-card--portrait novablocks-block__content sm-palette-1 sm-variation-1 novablocks-card--fixed-media-aspect-ratio" style="--columns: 3">

		<div class="novablocks-card__layout">

							<div class="novablocks-card__layout-media novablocks-grid__item-media">
					<div class="novablocks-card__media-wrap">
						<div class="novablocks-card__media">
							<img decoding="async" class="novablocks-card__media-image" src="https://ouryschreiber.fr/wp-content/uploads/2025/09/Article-RL-image-1024x680.jpg" />						</div>
					</div>
				</div>
			
							<div class="novablocks-card__layout-content">
					<div class="novablocks-card__inner-container">
						
			<div class="novablocks-grid__item-meta novablocks-card__meta is-style-meta">
			<div class="novablocks-card__meta-size-modifier">
				PORTES OUVERTES			</div>
		</div>
	<h3 class="novablocks-grid__item-title novablocks-card__title"><div class="novablocks-card__title-size-modifier">Républicain Lorrain</div></h3>
			<div class="novablocks-grid__item-content novablocks-card__description">
			<div class="novablocks-card__content-size-modifier">
				Article du 31 juillet 2025 par ANNE RIMLINGER			</div>
		</div>
						</div>
				</div>
			
		</div>

		<a class="novablocks-card__link" href="https://ouryschreiber.fr/index.php/2025/09/10/republicain-lorrain-2/"></a>

	</div>

	
	<div class="novablocks-card novablocks-card--portrait novablocks-block__content sm-palette-1 sm-variation-1 novablocks-card--fixed-media-aspect-ratio" style="--columns: 3">

		<div class="novablocks-card__layout">

							<div class="novablocks-card__layout-media novablocks-grid__item-media">
					<div class="novablocks-card__media-wrap">
						<div class="novablocks-card__media">
							<img decoding="async" class="novablocks-card__media-image" src="https://ouryschreiber.fr/wp-content/uploads/2025/03/recto-cave-ouverte-2025-1024x724.jpg" />						</div>
					</div>
				</div>
			
							<div class="novablocks-card__layout-content">
					<div class="novablocks-card__inner-container">
						
			<div class="novablocks-grid__item-meta novablocks-card__meta is-style-meta">
			<div class="novablocks-card__meta-size-modifier">
				PORTES OUVERTES			</div>
		</div>
	<h3 class="novablocks-grid__item-title novablocks-card__title"><div class="novablocks-card__title-size-modifier">CAVE OUVERTE 2025 du 2 au 4 MAI 2025</div></h3>
						</div>
				</div>
			
		</div>

		<a class="novablocks-card__link" href="https://ouryschreiber.fr/index.php/2025/03/26/cave-ouverte-2025-du-2-au-4-mai-2025/"></a>

	</div>

	
	<div class="novablocks-card novablocks-card--portrait novablocks-block__content sm-palette-1 sm-variation-1 novablocks-card--fixed-media-aspect-ratio" style="--columns: 3">

		<div class="novablocks-card__layout">

							<div class="novablocks-card__layout-media novablocks-grid__item-media">
					<div class="novablocks-card__media-wrap">
						<div class="novablocks-card__media">
							<img decoding="async" class="novablocks-card__media-image" src="https://ouryschreiber.fr/wp-content/uploads/2025/03/bandeau-site-1024x146.jpg" />						</div>
					</div>
				</div>
			
							<div class="novablocks-card__layout-content">
					<div class="novablocks-card__inner-container">
						
			<div class="novablocks-grid__item-meta novablocks-card__meta is-style-meta">
			<div class="novablocks-card__meta-size-modifier">
				EVENEMENTS			</div>
		</div>
	<h3 class="novablocks-grid__item-title novablocks-card__title"><div class="novablocks-card__title-size-modifier">Fête des vins de Moselle</div></h3>
			<div class="novablocks-grid__item-content novablocks-card__description">
			<div class="novablocks-card__content-size-modifier">
				Venez nous rencontrer à METZ, Place de la République samedi de 16H à 22H et dimanche de 11H à 17H			</div>
		</div>
						</div>
				</div>
			
		</div>

		<a class="novablocks-card__link" href="https://ouryschreiber.fr/index.php/2025/03/08/fete-des-vins-de-moselle-3/"></a>

	</div>

	</div></div></div></div>
