{"id":2406,"date":"2020-06-03T15:12:35","date_gmt":"2020-06-03T13:12:35","guid":{"rendered":"https:\/\/ouryschreiber.fr\/?page_id=2406"},"modified":"2020-06-05T16:24:15","modified_gmt":"2020-06-05T14:24:15","slug":"2406-2","status":"publish","type":"page","link":"https:\/\/ouryschreiber.fr\/index.php\/accueil\/2406-2\/","title":{"rendered":"mentions l\u00e9gales"},"content":{"rendered":"\n<div style=\"height:50px\" aria-hidden=\"true\" class=\"wp-block-spacer\"><\/div>\n\n\n\n<h2 class=\"has-text-align-center wp-block-heading\">MENTIONS L\u00c9GALES<\/h2>\n\n\n\t\t\t<div class=\"wp-block-separator is-style-elaborate\">\n                \n        <div class=\"c-separator\">\n            <div class=\"c-separator__arrow c-separator__arrow--left\"><\/div>\n            <div class=\"c-separator__line c-separator__line--left\"><\/div>\n            <div class=\"c-separator__symbol\">\n                <span><svg width=\"31\" height=\"20\" viewBox=\"0 0 31 20\" fill=\"none\" xmlns=\"http:\/\/www.w3.org\/2000\/svg\"><path d=\"M30.721 6.3114c0 .599-.2647 1.1494-.7941 1.651-.5155.5016-1.2679.8777-2.2571 1.1285-5.6984 1.4768-8.7774 2.2153-9.2372 2.2153-.5434 0-.815-.1394-.815-.418 0-.2229.3204-.5294.9613-.9195.2647-.1672 1.1842-.6758 2.7586-1.5257 2.9816-1.6161 4.5072-2.4381 4.5768-2.466 1.3375-.6548 2.4243-.9822 3.2602-.9822 1.031 0 1.5465.4389 1.5465 1.3166zm-4.8485-3.1766c0 .4598-.3553 1.0031-1.0658 1.63-.3901.3345-1.3654 1.059-2.9258 2.1735-2.9676 2.1178-4.6604 3.1766-5.0784 3.1766-.209 0-.3762-.1393-.5016-.418l.2508-.585c.836-.8639 1.7346-1.8531 2.696-2.9677 1.0309-1.1982 1.637-1.8948 1.8181-2.0899 1.4908-1.5743 2.7796-2.3615 3.8663-2.3615.6269 0 .9404.4807.9404 1.442zm-9.0073-.9613c0 .195-.0975.7035-.2926 1.5256l-.7523 2.8422c-.2926 1.0867-.4668 1.9854-.5225 2.6959-.0279.404-.0627.6548-.1045.7523-.0418.1394-.1393.209-.2926.209-.1532 0-.2508-.0627-.2926-.1881 0-.0139-.0278-.195-.0835-.5433-.1394-.8499-.418-2.2292-.836-4.138-.3204-1.4071-.4807-2.4103-.4807-3.0094 0-.7105.1812-1.2748.5434-1.6927.3762-.418.8638-.627 1.4629-.627.4737 0 .8638.209 1.1703.627.3205.404.4807.9195.4807 1.5465zm-3.2602 7.9414c0 .2787-.1463.418-.4389.418-.1253 0-.5782-.3065-1.3584-.9195-.9334-.7245-2.0202-1.658-3.2602-2.8004a185.9607 185.9607 0 0 1-2.4451-2.2362c-.5852-.599-.8777-1.1634-.8777-1.6928 0-.404.1462-.7593.4388-1.0658.3065-.3065.6827-.4598 1.1286-.4598.6966 0 1.3305.3135 1.9017.9404.2648.2787.8011 1.052 1.6092 2.3198 2.2014 3.4134 3.302 5.2456 3.302 5.4963zm3.9081 3.4065c0 .5155-.209.9265-.627 1.233-.3065.209-.6061.411-.8986.6061-.209.2508-.3135 1.1982-.3135 2.8422 0 .6688-.0209 1.1146-.0627 1.3375-.0697.3065-.216.4598-.4389.4598-.195 0-.3135-.3622-.3553-1.0867-.0975-1.853-.1672-2.9955-.209-3.4274-.4597-.3344-.8289-.7245-1.1076-1.1703-.2229-.3762-.3344-.6827-.3344-.9196 0-.5573.2021-1.0449.6061-1.4629.418-.4319.8917-.6478 1.4211-.6478.6688 0 1.2191.2159 1.651.6478.4458.4319.6688.9614.6688 1.5883zm-5.2874-2.2361c0 .2925-.1184.4388-.3553.4388-.2368 0-.7036-.1184-1.4002-.3552a545.5275 545.5275 0 0 0-2.5705-.8778C4.8764 9.488 2.9119 8.7565 2.0063 8.2968.6688 7.614 0 6.8478 0 5.9979c0-.8917.627-1.3375 1.8809-1.3375.5015 0 1.3862.3901 2.6541 1.1703 1.0031.627 2.6193 1.7416 4.8485 3.3438.1672.1115.8568.5852 2.069 1.4211.5155.3483.7732.5782.7732.6897z\" fill=\"currentColor\"\/><\/svg>\n<\/span>\n            <\/div>\n            <div class=\"c-separator__line c-separator__line--right\"><\/div>\n            <div class=\"c-separator__arrow c-separator__arrow--right\"><\/div>\n        <\/div>\n\t\t\t\t\t<\/div>\n\t\t\n\n\n<p class=\"wp-block-paragraph\"><strong>D\u00e9nomination sociale :<\/strong>\u00a0<br>EXPLOITATION AGRICOLE UNIPERSONNELLE <br>A RESPONSABILITE LIMITEE OURY-SCHREIBER<\/p>\n\n\n\n<p class=\"wp-block-paragraph\"><strong>Forme :<\/strong>&nbsp;SEARL au capital social de 7500 euros<\/p>\n\n\n\n<p class=\"wp-block-paragraph\"><strong>Si\u00e8ge social :<\/strong>&nbsp;29 rue des c\u00f4tes 57420 Marieulles<\/p>\n\n\n\n<p class=\"wp-block-paragraph\"><strong>Immatriculation :<\/strong>&nbsp;RCS 832 480 180 R.C.S. Metz<\/p>\n\n\n\n<p class=\"wp-block-paragraph\"><strong>N\u00b0 TVA intracommunautaire :<\/strong>&nbsp;&#8230;<\/p>\n\n\n\n<p class=\"wp-block-paragraph\"><strong>T\u00e9l\u00e9phone :<\/strong>&nbsp;03 87 52 09 02<\/p>\n\n\n\n<p class=\"wp-block-paragraph\"><strong>Contact e-mail :<\/strong> ouryvin@gmail.com<\/p>\n\n\n\n<p class=\"wp-block-paragraph\"><strong>Directeur de la publication :<\/strong>&nbsp;Ang\u00e9lica Oury-Schreiber<\/p>\n\n\n\n<p class=\"wp-block-paragraph\"><strong>H\u00e9bergement du Site :<\/strong> <br>OVH &#8211; 2 rue Kellermann<br>BP 80157 &#8211; 59100 Roubaix<\/p>\n\n\n\t\t\t<div class=\"wp-block-separator is-style-elaborate\">\n                \n        <div class=\"c-separator\">\n            <div class=\"c-separator__arrow c-separator__arrow--left\"><\/div>\n            <div class=\"c-separator__line c-separator__line--left\"><\/div>\n            <div class=\"c-separator__symbol\">\n                <span><svg width=\"31\" height=\"20\" viewBox=\"0 0 31 20\" fill=\"none\" xmlns=\"http:\/\/www.w3.org\/2000\/svg\"><path d=\"M30.721 6.3114c0 .599-.2647 1.1494-.7941 1.651-.5155.5016-1.2679.8777-2.2571 1.1285-5.6984 1.4768-8.7774 2.2153-9.2372 2.2153-.5434 0-.815-.1394-.815-.418 0-.2229.3204-.5294.9613-.9195.2647-.1672 1.1842-.6758 2.7586-1.5257 2.9816-1.6161 4.5072-2.4381 4.5768-2.466 1.3375-.6548 2.4243-.9822 3.2602-.9822 1.031 0 1.5465.4389 1.5465 1.3166zm-4.8485-3.1766c0 .4598-.3553 1.0031-1.0658 1.63-.3901.3345-1.3654 1.059-2.9258 2.1735-2.9676 2.1178-4.6604 3.1766-5.0784 3.1766-.209 0-.3762-.1393-.5016-.418l.2508-.585c.836-.8639 1.7346-1.8531 2.696-2.9677 1.0309-1.1982 1.637-1.8948 1.8181-2.0899 1.4908-1.5743 2.7796-2.3615 3.8663-2.3615.6269 0 .9404.4807.9404 1.442zm-9.0073-.9613c0 .195-.0975.7035-.2926 1.5256l-.7523 2.8422c-.2926 1.0867-.4668 1.9854-.5225 2.6959-.0279.404-.0627.6548-.1045.7523-.0418.1394-.1393.209-.2926.209-.1532 0-.2508-.0627-.2926-.1881 0-.0139-.0278-.195-.0835-.5433-.1394-.8499-.418-2.2292-.836-4.138-.3204-1.4071-.4807-2.4103-.4807-3.0094 0-.7105.1812-1.2748.5434-1.6927.3762-.418.8638-.627 1.4629-.627.4737 0 .8638.209 1.1703.627.3205.404.4807.9195.4807 1.5465zm-3.2602 7.9414c0 .2787-.1463.418-.4389.418-.1253 0-.5782-.3065-1.3584-.9195-.9334-.7245-2.0202-1.658-3.2602-2.8004a185.9607 185.9607 0 0 1-2.4451-2.2362c-.5852-.599-.8777-1.1634-.8777-1.6928 0-.404.1462-.7593.4388-1.0658.3065-.3065.6827-.4598 1.1286-.4598.6966 0 1.3305.3135 1.9017.9404.2648.2787.8011 1.052 1.6092 2.3198 2.2014 3.4134 3.302 5.2456 3.302 5.4963zm3.9081 3.4065c0 .5155-.209.9265-.627 1.233-.3065.209-.6061.411-.8986.6061-.209.2508-.3135 1.1982-.3135 2.8422 0 .6688-.0209 1.1146-.0627 1.3375-.0697.3065-.216.4598-.4389.4598-.195 0-.3135-.3622-.3553-1.0867-.0975-1.853-.1672-2.9955-.209-3.4274-.4597-.3344-.8289-.7245-1.1076-1.1703-.2229-.3762-.3344-.6827-.3344-.9196 0-.5573.2021-1.0449.6061-1.4629.418-.4319.8917-.6478 1.4211-.6478.6688 0 1.2191.2159 1.651.6478.4458.4319.6688.9614.6688 1.5883zm-5.2874-2.2361c0 .2925-.1184.4388-.3553.4388-.2368 0-.7036-.1184-1.4002-.3552a545.5275 545.5275 0 0 0-2.5705-.8778C4.8764 9.488 2.9119 8.7565 2.0063 8.2968.6688 7.614 0 6.8478 0 5.9979c0-.8917.627-1.3375 1.8809-1.3375.5015 0 1.3862.3901 2.6541 1.1703 1.0031.627 2.6193 1.7416 4.8485 3.3438.1672.1115.8568.5852 2.069 1.4211.5155.3483.7732.5782.7732.6897z\" fill=\"currentColor\"\/><\/svg>\n<\/span>\n            <\/div>\n            <div class=\"c-separator__line c-separator__line--right\"><\/div>\n            <div class=\"c-separator__arrow c-separator__arrow--right\"><\/div>\n        <\/div>\n\t\t\t\t\t<\/div>\n\t\t\n\n\n<p class=\"wp-block-paragraph\"><strong>Vente de boissons alcooliques :<\/strong>&nbsp;Conform\u00e9ment \u00e0 l\u2019article L. 3342-1 du Code de la sant\u00e9 publique, la vente de boissons alcooliques \u00e0 des mineurs est interdite. Tous les produits pr\u00e9sent\u00e9s sur le Site sont donc r\u00e9serv\u00e9es aux majeurs de dix-huit (18) ans r\u00e9volus, ayant la capacit\u00e9 juridique. Il est en outre rappel\u00e9 que l\u2019abus d\u2019alcool est dangereux pour la sant\u00e9 et que l\u2019alcool est \u00e0 consommer avec mod\u00e9ration. <\/p>\n\n\n\n<p class=\"wp-block-paragraph\"><strong>Donn\u00e9es personnelles :<\/strong>&nbsp;Pour entrer en contact avec ses clients, la soci\u00e9t\u00e9 \u00ab\u00a0Domaine Oury-Screiber\u00a0\u00bb s&rsquo;autorise \u00e0 recueillir les nom, pr\u00e9nom, t\u00e9l\u00e9phone et adresse mail de ses clients. Ces donn\u00e9es sont strictement confidentielles et ne seront ni diffus\u00e9es ni vendues \u00e0 des fins commerciales. Elles seront n\u00e9anmoins conserv\u00e9es au sein de l&rsquo;entreprise. L\u2019utilisateur dispose d\u2019un droit d\u2019acc\u00e8s, de modification, de suppression et de rectification relatifs \u00e0 ses donn\u00e9es personnelles en adressant un e-mail \u00e0 : ouryvin@gmail.com ou par courrier \u00e0 Domaine Oury-Schreiber &#8211; gestion des donn\u00e9es personnelles &#8211; 29 rue des c\u00f4tes &#8211; 57420 Marieulles.<\/p>\n\n\n\n<p class=\"wp-block-paragraph\"><strong>Vous pouvez nous signaler tout contenu inadapt\u00e9 ou ill\u00e9gal \u00e0 l\u2019adresse suivante :<\/strong>&nbsp;ouryvin@gmail.com ou par courrier \u00e0 Domaine Oury-Schreiber &#8211; gestion des donn\u00e9es personnelles &#8211; 29 rue des c\u00f4tes &#8211; 57420 Marieulles.<\/p>\n","protected":false},"excerpt":{"rendered":"<p>MENTIONS L\u00c9GALES D\u00e9nomination sociale :\u00a0EXPLOITATION AGRICOLE UNIPERSONNELLE A RESPONSABILITE LIMITEE OURY-SCHREIBER Forme :&nbsp;SEARL au capital social de 7500 euros Si\u00e8ge social :&nbsp;29 rue des c\u00f4tes [&hellip;]<\/p>\n","protected":false},"author":1,"featured_media":0,"parent":441,"menu_order":0,"comment_status":"closed","ping_status":"closed","template":"","meta":{"_crdt_document":"","novablocks_hero_scroll_indicator":false,"novablocks_hero_position_indicators":false,"footnotes":""},"class_list":["post-2406","page","type-page","status-publish","hentry"],"_links":{"self":[{"href":"https:\/\/ouryschreiber.fr\/index.php\/wp-json\/wp\/v2\/pages\/2406","targetHints":{"allow":["GET"]}}],"collection":[{"href":"https:\/\/ouryschreiber.fr\/index.php\/wp-json\/wp\/v2\/pages"}],"about":[{"href":"https:\/\/ouryschreiber.fr\/index.php\/wp-json\/wp\/v2\/types\/page"}],"author":[{"embeddable":true,"href":"https:\/\/ouryschreiber.fr\/index.php\/wp-json\/wp\/v2\/users\/1"}],"replies":[{"embeddable":true,"href":"https:\/\/ouryschreiber.fr\/index.php\/wp-json\/wp\/v2\/comments?post=2406"}],"version-history":[{"count":7,"href":"https:\/\/ouryschreiber.fr\/index.php\/wp-json\/wp\/v2\/pages\/2406\/revisions"}],"predecessor-version":[{"id":2459,"href":"https:\/\/ouryschreiber.fr\/index.php\/wp-json\/wp\/v2\/pages\/2406\/revisions\/2459"}],"up":[{"embeddable":true,"href":"https:\/\/ouryschreiber.fr\/index.php\/wp-json\/wp\/v2\/pages\/441"}],"wp:attachment":[{"href":"https:\/\/ouryschreiber.fr\/index.php\/wp-json\/wp\/v2\/media?parent=2406"}],"curies":[{"name":"wp","href":"https:\/\/api.w.org\/{rel}","templated":true}]}}